{"id":67,"date":"2025-10-09T08:26:23","date_gmt":"2025-10-09T08:26:23","guid":{"rendered":"http:\/\/wadessda.fr\/?page_id=67"},"modified":"2025-10-21T11:00:51","modified_gmt":"2025-10-21T09:00:51","slug":"a-propos","status":"publish","type":"page","link":"https:\/\/wadessda.fr\/index.php\/a-propos\/","title":{"rendered":"C&rsquo;est quoi, \u00e7a ?!"},"content":{"rendered":"\n<p class=\"has-text-color has-link-color wp-elements-cba9ea53b74d2b7b6f9cb4d2a0386d26\" style=\"color:#5e0d26\"><em>Wadessda ?!<\/em> est une association d\u2019\u00c9ducation \u00e0 la Vie affective, relationnelle et sexuelle (EVARS) bas\u00e9e dans le Sud Manche. Elle propose des <strong>ateliers participatifs et dynamiques<\/strong> autour de diff\u00e9rentes th\u00e9matiques et pour des publics vari\u00e9s. \u00ab\u00a0Wadessda\u00a0\u00bb signifie \u00ab\u00a0c&rsquo;est quoi \u00e7a ?\u00a0\u00bb en bruxellois, r\u00e9f\u00e9rence aux <strong>nombreuses questions<\/strong> que suscitent ces sujets. <br><br>Notre objectif est de <strong>lutter contre les in\u00e9galit\u00e9s de genre, les violences et discriminations<\/strong>, pour construire une <strong>soci\u00e9t\u00e9 juste et \u00e9panouissante pour toutes et tous<\/strong>. L&rsquo;association souhaite offrir un espace de dialogue et une <strong>information globale, positive et inclusive<\/strong> aux diff\u00e9rents publics. Enfants, ados, adultes&#8230; par cette approche, nous souhaitons leur permettre de <strong>s\u2019autonomiser <\/strong>et de poser des <strong>choix \u00e9clair\u00e9s<\/strong> en se <strong>respectant soi-m\u00eame et les autres<\/strong>. Et pour les professionnel\u00b7les, d&rsquo;\u00eatre \u00e9galement sensibilis\u00e9\u00b7es \u00e0 ces enjeux et d<strong>&lsquo;accompagner<\/strong> au mieux leur propre public. <br><br>Laurence Stevelinck Withofs (intervenante \u00c9galit\u00e9 de genre et EVARS) et Lucille Legentil (psychologue lib\u00e9rale et hospitali\u00e8re et sexologue) animent les ateliers seules ou en bin\u00f4mes. Elles sont \u00e9paul\u00e9es par une direction coll\u00e9giale.<\/p>\n\n\n\n<div class=\"wp-block-group has-global-padding is-layout-constrained wp-block-group-is-layout-constrained\">\n<div class=\"wp-block-columns is-layout-flex wp-container-core-columns-is-layout-28f84493 wp-block-columns-is-layout-flex\">\n<div class=\"wp-block-column is-layout-flow wp-block-column-is-layout-flow\" style=\"flex-basis:33.33%\"><\/div>\n\n\n\n<div class=\"wp-block-column has-global-padding is-layout-constrained wp-block-column-is-layout-constrained\" style=\"flex-basis:66.66%\"><\/div>\n<\/div>\n<\/div>\n\n\n\n<p><\/p>\n","protected":false},"excerpt":{"rendered":"<p>Wadessda ?! est une association d\u2019\u00c9ducation \u00e0 la Vie affective, relationnelle et sexuelle (EVARS) bas\u00e9e dans le Sud Manche. Elle propose des ateliers participatifs et dynamiques autour de diff\u00e9rentes th\u00e9matiques et pour des publics vari\u00e9s. \u00ab\u00a0Wadessda\u00a0\u00bb signifie \u00ab\u00a0c&rsquo;est quoi \u00e7a ?\u00a0\u00bb en bruxellois, r\u00e9f\u00e9rence aux nombreuses questions que suscitent ces sujets. Notre objectif est de [&hellip;]<\/p>\n","protected":false},"author":1,"featured_media":0,"parent":0,"menu_order":0,"comment_status":"closed","ping_status":"closed","template":"","meta":{"footnotes":""},"class_list":["post-67","page","type-page","status-publish","hentry"],"_links":{"self":[{"href":"https:\/\/wadessda.fr\/index.php\/wp-json\/wp\/v2\/pages\/67","targetHints":{"allow":["GET"]}}],"collection":[{"href":"https:\/\/wadessda.fr\/index.php\/wp-json\/wp\/v2\/pages"}],"about":[{"href":"https:\/\/wadessda.fr\/index.php\/wp-json\/wp\/v2\/types\/page"}],"author":[{"embeddable":true,"href":"https:\/\/wadessda.fr\/index.php\/wp-json\/wp\/v2\/users\/1"}],"replies":[{"embeddable":true,"href":"https:\/\/wadessda.fr\/index.php\/wp-json\/wp\/v2\/comments?post=67"}],"version-history":[{"count":13,"href":"https:\/\/wadessda.fr\/index.php\/wp-json\/wp\/v2\/pages\/67\/revisions"}],"predecessor-version":[{"id":295,"href":"https:\/\/wadessda.fr\/index.php\/wp-json\/wp\/v2\/pages\/67\/revisions\/295"}],"wp:attachment":[{"href":"https:\/\/wadessda.fr\/index.php\/wp-json\/wp\/v2\/media?parent=67"}],"curies":[{"name":"wp","href":"https:\/\/api.w.org\/{rel}","templated":true}]}}